{"id":27,"date":"2017-03-08T16:08:39","date_gmt":"2017-03-08T16:08:39","guid":{"rendered":"http:\/\/kaikiudsoovarv.eu\/?page_id=27"},"modified":"2025-11-06T11:06:32","modified_gmt":"2025-11-06T11:06:32","slug":"cv-en","status":"publish","type":"page","link":"https:\/\/kaikiudsoovarv.eu\/?page_id=27&lang=en","title":{"rendered":"CV-en"},"content":{"rendered":"<p><a href=\"https:\/\/kaikiudsoovarv.eu\/wp-content\/uploads\/2017\/03\/kai1.png\"><img loading=\"lazy\" decoding=\"async\" class=\"alignright size-medium wp-image-17\" src=\"https:\/\/kaikiudsoovarv.eu\/wp-content\/uploads\/2017\/03\/kai1-300x300.png\" alt=\"\" width=\"300\" height=\"300\" srcset=\"https:\/\/kaikiudsoovarv.eu\/wp-content\/uploads\/2017\/03\/kai1-300x300.png 300w, https:\/\/kaikiudsoovarv.eu\/wp-content\/uploads\/2017\/03\/kai1-150x150.png 150w, https:\/\/kaikiudsoovarv.eu\/wp-content\/uploads\/2017\/03\/kai1.png 400w\" sizes=\"auto, (max-width: 300px) 100vw, 300px\" \/><\/a><\/p>\n<h3>CV<\/h3>\n<p><b>Kai Kiudsoo-V\u00e4rv\u00a0<\/b><br \/>\nDate of Birth: August 12th, 1968<br \/>\n<a href=\"mailto:kai.kiudsoo.varv@gmail.com\">kai.kiudsoo.varv@gmail.com<\/a><br \/>\n<a href=\"http:\/\/www.kaikiudsoovarv.ee\">www.kaikiudsoovarv.ee<\/a><\/p>\n<p><b>Education<\/b><\/p>\n<p>2005 Estonian Academy of Arts(EAA), MA(cum laude), speciality of glass art<br \/>\n1995 Estonian Academy of Arts(EAA), BA, speciality of glass art<\/p>\n<p><b>Professional career\u00a0<\/b><\/p>\n<p>2022 &#8211; 2024 Art history teacher at Tallinna Reaalkool<br \/>\n2014 &#8211; 2024 teacher for glassblower assistant specialty, Olustvere Vocational School<br \/>\n2013   Board member for setting up national requirements for glassblower assistant studies<br \/>\n2009 &#8211;  founder of Klaasiklubi, studio of glass art<br \/>\n2005-2013 Estonian Academy of Arts, lecturer on a contractual basis<br \/>\n2001 &#8211; 2002 glass factory \u201cScancrystal\u201d in Tallinn, product developer and primary artist<br \/>\n1995 &#8211; freelance artist<\/p>\n<p><b>Membership<\/b><\/p>\n<p>2010 -2013 president of Estonian Glass Artists\u2019 Union<br \/>\n2002 \u2013 2004 president of Estonian Glass Artists\u2019 Union<br \/>\n2002 &#8211; Estonian Artists\u2019 Association<br \/>\n2001 &#8211; Estonian Glass Artists\u2019 Union<\/p>\n<p><b>Solo exhibitions\u00a0<\/b><\/p>\n<p>2022 \u201eMoments\u201d, A-galerii, Tallinn<br \/>\n2016 \u201eLight Shines Through\u201c, with Reet Talimaa, Kondas Centre, Viljandi<br \/>\n2013 \u201cHeavenly and Earthly Things\u201d II, Kondas Centre, Viljandi<br \/>\n2013 \u201cVia Crucis\u201d, Pirita convent, Tallinn<br \/>\n2008 \u201cFor You\u201d, Hop-gallery, Tallinn; Hotel Euroopa conference centrum, Tallinn<br \/>\n2007 &#8211; 2008 \u201eGloria in excelsis deo et \u2026\u201c , with Reet Talimaa, Werkatelier Richter SK, Den Helder, Netherlands<br \/>\n2003 Solo Exhibition (with Kaire-Leen Varik), Haapsalu, Estonia<br \/>\n2002 Solo Exhibition (with Kaire-Leen Varik), Sammas Gallery , Tallinn, Estonia Museum of Viljandi , Viljandi, Estonia<\/p>\n<p><b>Group exhibitions\u00a0<\/b><\/p>\n<p>2025 Ivo Lill Foundation glass sculpture contest, Viinistu Art Museum<br \/>\n2025 \u201cNegotiations\u201d, glass and print, P\u00e4rnu Museum of New Art<br \/>\n2025 \u201cThe Secret Soul of Shiny Things\u201d, annual exhibition of Estonian Glass Artists&#8217; Union, Viimsi Artium, Harjumaa<br \/>\n2024 EKA Open Academy \u201cBook illustration course projects 2018 &#8211; 2024\u201d, EAA outdoor gallery<br \/>\n2024 \u201eImagine\u201d, glass and print, ARS project space, Tallinn<br \/>\n2023 \u201eLegendary Times\u201d, annual exhibition of Estonian Glass Artists&#8217; Union, Kondas Centre, Viljandi<br \/>\n2023 \u201eGenius Loci\u201d, annual exhibition of the Estonian Glass Artists&#8217; Union, Reigi Parsonage, Hiiumaa<br \/>\n2022 \u201eRed vol.2\u201c, annual exhibition of the Estonian Glass Artists&#8217; Union, Kohtla-J\u00e4rve Oil Shale Museum<br \/>\n2020 \u201eSlow Light\u201c, Rapla County Centre for Contemporary Art, Rapla<br \/>\n2019 \u201eResonance\u201c, annual exhibition of the Estonian Glass Artists&#8217; Union, Vana-V\u00f5romaa Kultuurikoda, V\u00f5ru<br \/>\n2018 WHEN IMPOSSIBLE BECOMES POSSIBLE \/\u00a0KAD NEIESP\u0112JAMAIS K\u013b\u016aST IESP\u0112JAMS  Riga, Latvia<br \/>\n2018 TULIKLAAS, annual exhibition of the Estonian Glass Artists&#8217; Union, Hiiumaa Museum, K\u00e4rdla, Hiiumaa<br \/>\n2017 \u201eHot\/Cold\u201c, annual exhibition of the Estonian Glass Artists&#8217; Union, Tallinn Creative Hub<br \/>\n2017 \u201eUmwelt\u201c, Adamson-Eric Museum, Tallinn<br \/>\n2017 \u201eThrough Time\u201c, Tallinn Applied Art Triennial satellite exhibition, Gourmet Club, Tallinn<br \/>\n2016 European Glass Context, Gronbechs Gard, Hasle, Bornholm, Denmark<br \/>\n2016 \u201eCivilization 2. The Trousers of TIme\u201c, annual exhibition of the Estonian Glass Artists&#8217; Union, Seaplane Harbour aquarium, Tallinn<br \/>\n2015 6th International Glass Festival Luxembourg, Asselborn, Luxembourg<br \/>\n2015 \u201eMoment\u201c, annual exhibition of the Estonian Glass Artists&#8217; Union,  J\u00e4rvakandi<br \/>\n2015 Estonian Artists&#8217; Association Spring Exhibition, Tallinn Art Hall Gallery, Tallinn<br \/>\n2015 \u201eConcord III\u201c Haus-galerii, Tallinn<br \/>\n2015 \u201c The Heat is On\u201d Museo Civico Rocca Flea, Gualdo Tadino, Itaalia<br \/>\n2014 \u201eBorn\/Made I- II\u201c annual exhibition of the Estonian Glass Artists&#8217; Union, Tartu Art Hall, Tartu; Vabaduse Gallery, Tallinn<br \/>\n2014 \u201eIn the Heat\u201c, Antica Fornace Grazia, Deruta, Itaalia<br \/>\n2014 Zu Gast: Estland, Ernsting Stiftung, Alter Hof Herding, Saksamaa<br \/>\n2014 2D\u2192,\u201cArka\u201c Gallery, Vilnius;V. Gryba Museum, Jurbarkas, Lithuania; P\u00e4rnu Museum of New Art, P\u00e4rnu; Rietumu Bank Gallery, Riga, Latvia<br \/>\n2013 \u201cMilky Way\u201d, annual exhibition of the Estonian Glass Artists&#8217; Union, Rakvere<br \/>\n2013 \u201cVase\u201d ,Gallery PINK, Tallinn, Estonia<br \/>\n2013 \u201cConcord\u201d, Haus Gallery, Tallinn, Estonia<br \/>\n2012 \u201cEstonian Platter\u201d, Gallery PINK, Tallinn, Estonia<br \/>\n2012 &#8220;Contemporary Estonian Glass Art&#8221;, Jelagin Island&#8217;s Glass Museum, St. Petersburg, Russia<br \/>\n2012 \u201cGrand Fragility\u201d, Tallinn Art Hall, Estonia<br \/>\n2012 \u201cSincerely, Yours &#8230; \u201c Museum of New Art, P\u00e4rnu, Estonia<br \/>\n2012 \u201cIs plokstumos\u201d (\u201c2D \u2192\u201d ), Arka Gallery, Vilnius, Lithuania<br \/>\n2012 \u201cContemporary Estonian Glass Art\u201d, Estonian Museum of Applied Art and Design, Tallinn, Estonia<br \/>\n2011 \u201cPair\u201d annual exhibition of the Estonian Glass Artists&#8217; Union, Kullo Gallery, Tallinn, Estonia<br \/>\n2011 \u201cEstonian Glass\u201d, Finnish Glass Museum, Riihim\u00e4ki, Finland<br \/>\n2010 \u201cPresent for A.P\u00e4rt\u201c, Paide Kultuurikeskus, Paide 2010 \u201cNight Light\u201c Kalamaja Park, Kadriorg Park, Tallinn<br \/>\n2010 Estonian Glass, LWL-Industriemuseum, Glash\u00fctte Gernheim, Saksamaa<br \/>\n2010 Annual exhibition of the Estonian Glass Artists&#8217; Union, Design Gallery, Tallinn<br \/>\n2008 Vitrum Balticum IV, New and Hot, National Art Museum of M. K. Ciurlionis, Kaunas, Lithuania<br \/>\n2008 European Glass Context 2008, Gronbechs Gard, Hasle, Bornholm, Denmark<br \/>\n2008 GLAS IM DIALOG, Glasbr\u00fccke Berlin, Berlin, Germany<br \/>\n2007 \u201cESTONIAN GLASS ART 70:The decade&#8217;s best (1996-2006)&#8221;, Estonian Applied Art Museum, Tallinn, Estonia<br \/>\n2007 Exhibition of Estonian Applied Art , Tallinn Exhibition Hall, Tallinn, Estonia 2007 MOA, Master of Arts \u2013 festival, TAIK, Helsinki, Finland<br \/>\n2007 \u201eRound\u201c, Exhibition of the Estonian Glass Artists\u2019 Union, Albu Manor, Estonia<br \/>\n2006 Exhibition, Evald Okas Museum, Haapsalu, Estonia<br \/>\n2006 Annual Exhibition of the Estonian Glass Artist\u00b4s Union \u201eBeautiful\u201d, Gallery of Tallinn Exhibition Hall, Tallinn, Estonia<br \/>\n2004 Annual exhibition of the Estonian Glass Artists&#8217; Union \u201cFocus\u201d, Hobusepea Gallery, Tallinn, Estonia<br \/>\n2003 Exhibition of Estonian applied art \u201cNotes. 3 Dimentional Estonian Art\u201d, M\u00fcveszetMalom, Szentendre, Hungary <\/p>\n<p><b>Curating and team membership<\/b><\/p>\n<p>2018 Catalogue \u201cHOT\/COLD, Estonain Glass 80 Jub ilee exhibition and conference\u201d, with Sofi Ar\u0161as<br \/>\n2016 \u201eCivilization 2. The Trousers of TIme\u201c, annual exhibition of the Estonian Glass Artists&#8217; Union, Seaplane Harbour aquarium, Tallinn<br \/>\n2013 \u201cMilky Way\u201d, annual exhibition of the Estonian Glass Artists&#8217; Union, Rakvere<br \/>\n2013 \u201cConcord\u201d, Haus Gallery, Tallinn, Estonia<br \/>\n2012 &#8220;Contemporary Estonian Glass Art&#8221;, Jelagin Island&#8217;s Glass Museum, St. Petersburg, Russia<br \/>\n2012 \u201cGrand Fragility\u201d, Tallinn Art Hall, Estonia<br \/>\n2011 \u201cPair\u201d annual exhibition of the Estonian Glass Artists&#8217; Union, Kullo Gallery, Tallinn, Estonia<br \/>\n2009 \u201cNational Heritage\u201d, annual exhibition of the Estonian Glass Artists&#8217; Union, P\u00e4rnu City Gallery, P\u00e4rnu; Rakvere City Gallery, Rakvere<br \/>\n2002 \u201cVASTU MERD \u201d, Eesti Klaasikunstnike \u00dchenduse aastan\u00e4itus, Eesti Meremuuseum, Tallinn<br \/>\n2004 \u201cMARITIMA\u201d, Evald Okas Museum, Haapsalu, Haapsalu II Glass Days<\/p>\n<p><b>Awards and Scholarships<\/b><\/p>\n<p>2010 Appreciated Glass Artist 2008-2009, prize of Estonian Glass Artist\u00b4s Union<br \/>\n2004 Scholarship of V\u00e4ino Tanner Foundation<br \/>\n2001 \u201cNew Glass\/Neues Glas&#8221; Jutta Cuny-Franz Memorial Award, Selected Entries<br \/>\n1997 competition-exhibition YOUNG GLASS 1997, Selected Entries, Ebeltoft Glasmuseum, Denmark<\/p>\n<p><b>Symposia and Workshops\u00a0<\/b><\/p>\n<p>2021-2022 EAA Open Academy, book illustration course<br \/>\n2019 presentation at stained glass symposium, Tallinn Architecture Centre<br \/>\n2019 Lecture \u201eMedieval Stained Glass and Saints\u201c, Tallinn Old Town Festival<br \/>\n2018,2019 glass painting course teacher,  Olustvere Manor Glass Hut<br \/>\n2017 presentation at international conference \u201eGlass in Art and Architecture \u2013HOT\/COLD\u201c, Tallinn Creative Hub<br \/>\n2015 6th International Glass Festival Luxembourg, teaching a glass painting workshop<br \/>\n2015 \u201e15 words\u201c  glass painting masterclass by Mark Angus, teacher&#8217;s assistant, Olustvere Manor glass Hut<br \/>\n2009 Workshop of Ursula Merker, vitreography, Tallinn<br \/>\n2008 Workshop of Jeffrey Sarmiento and Anna Vesele, photosensitive masks and sandblasting, Tallinn<br \/>\n2007 International Glass Symposium \u201eMeeting Point VITRA\u201c, Nancy-Vannes-le-Chatel, France<br \/>\n2007 Workshop of Mark Angus, glass painting, Tallinn<br \/>\n2006 IV Hot Glass Symposium, Haapsalu, Estonia<br \/>\n2004 II Hot Glass Symposium \u201cMaritima\u201d, Haapsalu, Estonia<br \/>\n2003 I Hot Glass Symposium \u201cFire&amp;Water\u201d, Haapsalu, Estonia<br \/>\n1999 Workshop of P\u00e4ivi Kek\u00e4l\u00e4inen, technique of p\u00e2te de verre, Tallinn<\/p>\n<p><b>Works owned by\u00a0<\/b><\/p>\n<p>Estonian Museum of Applied Art and Design<br \/>\nEstonian History Museum<br \/>\nTallinn City Museum<br \/>\nEstonian Embassy in Berlin, Germany<br \/>\nSwedish Embassy in Tallinn<br \/>\nGlasmuseum Ebeltoft, Ebeltoft, Denmark<br \/>\nArt collection of the Holy See, Vatican City<br \/>\nPrivate collections in Germany, USa, Peru, israel, Luxembourg, Spain<\/p>\n<p><b>Major works<\/b><\/p>\n<p>2024 Stained glass for the Dominican Order Head Convent, Santa Sabina, Rome, Italy<br \/>\n2021 Mater Terrae Marianae, stained glass, Viru-Nigula Maarja kabel, L\u00e4\u00e4ne-Virumaa<br \/>\n2020 Seven Virtues, private collection, Luxembourg-Tallinn<br \/>\n2019 Altar stained glass \u201cCaritas\u201d, st Bridget&#8217;s sisters&#8217; convent chapel, Jeruusalemm, Israel<br \/>\n2018 glass icon \u201cMater Terrae Marianae\u201d, gift to Pope Francis by the Estonian Roman Catholic Church<br \/>\n2005 \u2013 2018 Stained glass windows \u201cSaints\u201d, St Peter and Paul&#8217;s Roman Catholic Cathedral, Tallinn<br \/>\n2016 St Dominicus, relief \/ stained glass, Dominican St Catherine of Siena&#8217;s Convent, Tallinn<br \/>\n2013 Window blinds \u201cThe Four Evangelists\u201d, St John&#8217;s Chapel, P\u00e4rnu<br \/>\n2008 Via Crucis, series of 14 stops, glass and mixed media<\/p>\n","protected":false},"excerpt":{"rendered":"<p>CV Kai Kiudsoo-V\u00e4rv\u00a0 Date of Birth: August 12th, 1968 kai.kiudsoo.varv@gmail.com www.kaikiudsoovarv.ee Education 2005 Estonian Academy of Arts(EAA), MA(cum laude), speciality of glass art 1995 Estonian Academy of Arts(EAA), BA, speciality of glass art Professional career\u00a0 2022 &#8211; 2024 Art history teacher at Tallinna Reaalkool 2014 &#8211; 2024 teacher for glassblower assistant specialty, Olustvere Vocational School [&hellip;]<\/p>\n","protected":false},"author":1,"featured_media":0,"parent":0,"menu_order":0,"comment_status":"closed","ping_status":"closed","template":"","meta":{"footnotes":""},"class_list":["post-27","page","type-page","status-publish","hentry"],"_links":{"self":[{"href":"https:\/\/kaikiudsoovarv.eu\/index.php?rest_route=\/wp\/v2\/pages\/27","targetHints":{"allow":["GET"]}}],"collection":[{"href":"https:\/\/kaikiudsoovarv.eu\/index.php?rest_route=\/wp\/v2\/pages"}],"about":[{"href":"https:\/\/kaikiudsoovarv.eu\/index.php?rest_route=\/wp\/v2\/types\/page"}],"author":[{"embeddable":true,"href":"https:\/\/kaikiudsoovarv.eu\/index.php?rest_route=\/wp\/v2\/users\/1"}],"replies":[{"embeddable":true,"href":"https:\/\/kaikiudsoovarv.eu\/index.php?rest_route=%2Fwp%2Fv2%2Fcomments&post=27"}],"version-history":[{"count":11,"href":"https:\/\/kaikiudsoovarv.eu\/index.php?rest_route=\/wp\/v2\/pages\/27\/revisions"}],"predecessor-version":[{"id":1001,"href":"https:\/\/kaikiudsoovarv.eu\/index.php?rest_route=\/wp\/v2\/pages\/27\/revisions\/1001"}],"wp:attachment":[{"href":"https:\/\/kaikiudsoovarv.eu\/index.php?rest_route=%2Fwp%2Fv2%2Fmedia&parent=27"}],"curies":[{"name":"wp","href":"https:\/\/api.w.org\/{rel}","templated":true}]}}